 33 = -5*v + 2, -3 = -2*v - j. Let n be (-6)/21 + (-30)/(-7). Suppose -n*f = -4*d + 84, -v*d + 5*f + 67 = -d. Is d composite?
False
Let n = -2 - -3. Let h be -5*n/((-20)/52). Suppose 1 = p - h. Is p composite?
True
Suppose 0 = -c + 1671 + 2074. Suppose -3*z - 4*z = -c. Is z composite?
True
Suppose -5054 = -11*x + 5847. Is x prime?
True
Let u(j) = 72*j - 121. Is u(16) a composite number?
False
Let j = 778 + -261. Is j composite?
True
Let s = 15 - 8. Suppose s*d = 6*d + 19. Suppose d*l + 399 = 22*l. Is l a composite number?
True
Suppose 23*q = 30*q - 8400. Let b = q - 415. Is b a prime number?
False
Let n = 1557 + -2310. Is (0 + -1)/(3/n) prime?
True
Let o = 8 - -127. Suppose -o = -6*j - 45. Suppose -2*w - j = -3*l + 49, 0 = -l + 3*w + 19. Is l a composite number?
True
Let u = 8879 - 5185. Is u a prime number?
False
Is (-4)/(-18) - (-2455625)/1125 a composite number?
True
Is (-31866 + -1 + (14 - 14))*-1 a prime number?
False
Let q(b) = -b + 7. Let k be q(4). Suppose 9*w = -5*x + 4*w + 5300, k*x - w - 3184 = 0. Is x prime?
True
Suppose w + 2 = 3*a, 2*w - 4*a = 2 - 10. Let v(y) be the first derivative of -y**4/4 - y**3/3 - 7*y**2/2 + 7*y - 115. Is v(w) a composite number?
True
Suppose 19*v = -6*v + 980450. Is v a prime number?
False
Let j be (104/(-39))/((-4)/78). Let n = 187 - j. Let d = -77 + n. Is d a prime number?
False
Let t = 6 - -1. Suppose t*b = 4*b + 363. Is b a prime number?
False
Is ((-320614)/(-12))/((-10)/(-60)) prime?
False
Let m(b) = b**3 + 12*b**2 + 15*b + 2. Let p be m(-11). Let q = p + 86. Let j = q - -9. Is j a composite number?
False
Suppose -3*c + 865 = -8. Is c a prime number?
False
Let q be 2 - (4 - 1) - -3. Suppose b + b = -q. Let a = 20 + b. Is a a composite number?
False
Suppose -66*i = -68*i + 4*d + 4174, -3*i = -3*d - 6246. Is i composite?
True
Let u(l) = 8*l**3 + 3*l**2 - 18*l + 2. Let s(o) = -4*o**3 - 2*o**2 + 9*o - 1. Let h(z) = 7*s(z) + 3*u(z). Is h(-9) composite?
True
Let g = -11 - -12. Let z = g - -1. Suppose 2*a = 8 + 2, -3*l = z*a - 103. Is l a prime number?
True
Let q = -104 + 104. Let i = q + 4091. Is i prime?
True
Let c = 58026 - 33499. Is c a prime number?
True
Let b(y) = -y**3 + 38*y**2 - 28*y + 5. Is b(13) a composite number?
True
Let f(y) = y**2 - 4*y + 17. Suppose 175 = 4*o + 47. Let n = -18 + o. Is f(n) composite?
False
Let k be (24/(-20))/(2/(-15)). Is ((-466)/8)/(k/(-252)) composite?
True
Suppose 3*b = d - 9, -2*b - 5 - 1 = 0. Suppose -3*a + 398 = -a - v, d = -5*a + v + 995. Is a a composite number?
False
Let j(t) = 4*t**3 + 114*t - 5*t**3 - 97*t - 10 + 5*t**3 - 10*t**2. Is j(7) a prime number?
True
Let s be 1/((-213)/105 - -2). Let g be ((-4)/(-1))/(7/s). Is 104/16*(2 - g) a composite number?
True
Let s = -2773 + 4656. Is s prime?
False
Let z(l) = -l**3 - 6*l**2 - 10*l - 4. Let g be z(-4). Suppose -g*d = -2*r - r - 1928, d - 4*r - 495 = 0. Is d a composite number?
False
Suppose -853 = -29*w + 28*w. Is w a composite number?
False
Let x(p) = 145*p**2 + p + 1. Let d be x(-1). Suppose d = 10*q - 5*q. Suppose 0 = 4*t - 441 + q. Is t composite?
False
Suppose 3*o - 6*o + 57 = 0. Let a = o + -12. Let t(m) = 5*m. Is t(a) a prime number?
False
Suppose 4*g = -3*z + 13161, -4*z - 2*g - 21961 = -9*z. Is z a composite number?
False
Let m be (0 - 3) + (4 - 1). Suppose 0 = -c - m*c. Suppose -h = 0, -22 = -c*a - a + h. Is a a composite number?
True
Suppose -1 = 3*t - u + 2, t + 4*u - 12 = 0. Suppose -3*s + 597 + 276 = t. Suppose s = 6*l - 3*l. Is l composite?
False
Let p(q) = -q**2 - q + 2. Let y be p(-2). Suppose s + 972 = 3*c - 2*s, -5*c + 2*s + 1605 = y. Is c prime?
False
Suppose 0 = -12*i - 0*i - 8976. Let c = 1425 + i. Is c composite?
False
Let c(h) be the second derivative of h**4/4 - h**3/3 - 5*h**2/2 + 3*h. Let b be c(-4). Suppose -2*l - 9 = -5*l, 3*y + 4*l = b. Is y prime?
True
Suppose 2*u = 7*z - 4*z + 8660, 5*u - 5*z - 21645 = 0. Is u a composite number?
False
Let m(q) = q**3 - 3*q**2 + 4*q - 6. Let i be m(3). Suppose -i*n = -8*n + 974. Is n prime?
True
Let r = 18678 + -2777. Is r composite?
False
Let c(d) = d**3 + 15*d**2 + 5*d + 35. Is c(-10) composite?
True
Suppose 7*x - 98084 = -21*x. Is x composite?
True
Suppose 8499 = q - 2*h, -q = 4*q - 5*h - 42500. Is q a prime number?
True
Let c(d) = -7*d + 34. Let v be c(5). Is ((-6148)/8)/(v*(-2)/(-4)) a prime number?
False
Suppose 260 = -2*g + 6*g. Suppose 5*t + 3*u - g = -492, -3*t - u = 253. Let m = t - -129. Is m a composite number?
True
Let w(u) = -33600*u**3 + u**2 + 7*u + 5. Is w(-1) a composite number?
False
Let x be -5 - (-3 + 5 - 2). Let g = x - -60. Is g a composite number?
True
Suppose 0*x + 9*x - 111933 = 0. Is x composite?
False
Suppose l = -4*n + 5616, n + 4*l - 45 = 1374. Is n a prime number?
False
Suppose 0 = -2*g - 0*g + 16. Let j be (-45)/(-6)*g/3. Let z = 34 - j. Is z a prime number?
False
Suppose 0 = -g - 2*j + 5627, 0 = 4*j - 0*j - 8. Is g a prime number?
True
Let q = 7 + -5. Suppose -2*z - q*j = 75 + 29, 0 = 2*z + 5*j + 113. Let u = z + 162. Is u a composite number?
False
Suppose 2094 - 214 = 8*w. Is w prime?
False
Suppose 5*j = j + 132. Suppose -j*t = -32*t - 270. Suppose 5*z = u + t, 3*z + u - 2*u = 164. Is z composite?
False
Let p(d) = 2772*d**2 - 10*d - 11. Is p(-1) prime?
False
Suppose -7 = s + 3*j, 0 = -4*s - 0*j - j - 6. Let x be 2/(s*4/(-8)). Suppose u + 6*c = 3*c + 66, -2*u = -x*c - 102. Is u a composite number?
True
Suppose m = 4*m - 22035. Suppose 14*o - 19*o + m = 0. Is o a composite number?
True
Suppose 0 = 5*y + 2*s + 3*s + 235, 0 = y - 2*s + 32. Let l be (-574)/y - 1/(-3). Suppose 4*q - 66 = -l. Is q a prime number?
True
Let j(p) = -4*p + 15. Let h be j(3). Suppose h*g = 2*l + 3199, -4*g = -5*l - 0*l - 4263. Is g a composite number?
True
Suppose 5*d = -10*d + 3*d. Is (d + (3 - 2))/((-1)/(-1693)) a prime number?
True
Let b = -119116 + 167579. Is b prime?
True
Let p(w) = 7*w**2 - 9 - w + w**3 - 4*w - w + 2*w. Let f(v) = v**2 + 6*v - 2. Let j be f(-5). Is p(j) prime?
True
Suppose -14247 = -9*o - 4158. Is o a composite number?
True
Let a = 7 - 10. Suppose 3*l = -0*l + 156. Let u = l - a. Is u a composite number?
True
Suppose -33*s + 138495 + 231336 = 0. Is s prime?
False
Let r = -8810 + 15105. Is r prime?
False
Let o = 4 - -3. Is o/(((-12)/116)/(-3)) a composite number?
True
Suppose 0 = -7*q - 4*q + 51733. Is q composite?
False
Let v(o) = 5*o**2 - 1. Let b be v(-3). Suppose -n = -3*l + 2*n + 30, 5*l + n = b. Is 3*(-1 - (-582)/l) a prime number?
True
Let k(y) be the first derivative of -y + 3/2*y**2 + 20/3*y**3 - 4. Is k(4) a prime number?
True
Let d = 15150 - 4213. Is d composite?
False
Suppose 2*x + 65 = -5*a, -a = 4*x - 2*x + 45. Is ((-30)/x)/(6/508) composite?
False
Suppose 0 = 5*z - 15, 40*z + 22957 = 4*p + 43*z. Is p prime?
True
Let o(i) = 522*i**3 + 10*i**2 - 5*i - 1. Is o(4) prime?
True
Is (-38319 - 95)*1/(-2) composite?
False
Let q(x) = 41*x + 9. Let w be q(6). Let f(d) = -d**3 - 8*d**2 + 7*d + 4. Let l be f(-5). Let z = w + l. Is z a prime number?
True
Suppose 0*q = -q + 32. Suppose 0 = -z - 3*z + q. Is (-8)/z + (-2236)/(-2) a prime number?
True
Suppose 0*a = -3*a - 2*m - 802, -2*a = 4*m + 524. Let s = 489 + a. Suppose h - s = -i - h, i - 2*h = 199. Is i a composite number?
True
Let g(u) = 92*u + 3. Let k = 22 - 18. Is g(k) composite?
True
Is 1/((-12)/(776328/(-14))) a prime number?
True
Let i(d) be the second derivative of 11*d**4/6 - 5*d**3/6 - 2*d**2 - d. Suppose -l + 7 = 2. Is i(l) a prime number?
True
Suppose 9*p = 7*p + 10. Suppose -d - 4*r - 515 = 0, d + 5*r - 2039 = p*d. Let m = 873 + d. Is m composite?
True
Let c(y) = 111*y**2 - 4*y - 70. Is c(9) a prime number?
False
Let c = 301 - -14138. Is c a composite number?
True
Suppose -15796 = -4*n + 4*o, 0*n - o - 7902 = -2*n. Is n a composite number?
True
Let u(y) = y**2 + 2*y - 29. Is u(7) a prime number?
False
Suppose 0 = -y - 0*y + 40. Suppose y*u - 45*u = -325. Is u prime?
False
Let g(a) = 8*a**2 - 10*a + 7. Let d be 0 + ((2 - 74)/4)/2. Is g(d) a prime number?
False
Suppose -d = -3*d + 6. Suppose 0*m - d*m + 18 = 0. Suppose -m*l + 8*l - 388 = 0. Is l composite?
True
Let t(j) = -1260*j - 109. Is t(-7) a composite number?
True
Suppose -41 = -p + 90. Let i = p + -81. Suppose -4*o = -6 - i. Is o prime?
False
Is (-26854)/(-3)*(-147)/(-98) a composite number?
True